{"id":1304,"date":"2020-12-14T21:09:37","date_gmt":"2020-12-14T20:09:37","guid":{"rendered":"https:\/\/bonello.hu\/?post_type=product&#038;p=1304"},"modified":"2021-10-12T18:45:04","modified_gmt":"2021-10-12T17:45:04","slug":"korall-szinu-parna-szurke-csipkevel","status":"publish","type":"product","link":"https:\/\/bonello.hu\/?product=korall-szinu-parna-szurke-csipkevel","title":{"rendered":"Korall sz\u00edn\u0171 p\u00e1rna sz\u00fcrke csipk\u00e9vel"},"content":{"rendered":"<p>K\u00f6r alak\u00fa p\u00e1rna korall sz\u00edn\u0171 anyagb\u00f3l \u00e9s sz\u00fcrke csipk\u00e9vel d\u00edsz\u00edtve. A huzat t\u00e9p\u0151z\u00e1rral z\u00e1r\u00f3dik, levehet\u0151 moshat\u00f3. A p\u00e1rna t\u00f6ltete polisztirol goly\u00f3.<\/p>\n<p>Az \u00e1r tartalmazza a\u00a0 p\u00e1rn\u00e1t \u00e9s a huzatot is.<\/p>\n<p>A p\u00e1rna \u00e1tm\u00e9r\u0151je 52cm.<\/p>\n<p>Anyag\u00f6sszet\u00e9tel:50% poli\u00e9szter, 50% polisztirol<\/p>\n<p><strong>Ha nincs k\u00e9szleten, de szeretne ehhez hasonl\u00f3 ruh\u00e1t m\u00e1s sz\u00ednben vagy m\u00e9retben, akkor keressen meg az el\u00e9rhet\u0151s\u00e9geimen. Sz\u00edvesen elk\u00e9sz\u00edtem k\u00e9r\u00e9s szerint.<\/strong><\/p>\n","protected":false},"excerpt":{"rendered":"<p>K\u00f6r alak\u00fa p\u00e1rna korall sz\u00edn\u0171 anyagb\u00f3l \u00e9s sz\u00fcrke csipk\u00e9vel d\u00edsz\u00edtve. A huzat t\u00e9p\u0151z\u00e1rral z\u00e1r\u00f3dik, levehet\u0151 moshat\u00f3. A p\u00e1rna t\u00f6ltete polisztirol goly\u00f3. Az \u00e1r tartalmazza a\u00a0 p\u00e1rn\u00e1t \u00e9s a huzatot is. A p\u00e1rna \u00e1tm\u00e9r\u0151je 52cm. Anyag\u00f6sszet\u00e9tel:50% poli\u00e9szter, 50% polisztirol Ha nincs k\u00e9szleten, de szeretne ehhez hasonl\u00f3 ruh\u00e1t m\u00e1s sz\u00ednben vagy m\u00e9retben, akkor keressen meg az el\u00e9rhet\u0151s\u00e9geimen. [&hellip;]<\/p>\n","protected":false},"featured_media":0,"template":"","meta":{"_et_pb_use_builder":"","_et_pb_old_content":"","_et_gb_content_width":""},"product_cat":[28],"product_tag":[52],"_links":{"self":[{"href":"https:\/\/bonello.hu\/index.php?rest_route=\/wp\/v2\/product\/1304"}],"collection":[{"href":"https:\/\/bonello.hu\/index.php?rest_route=\/wp\/v2\/product"}],"about":[{"href":"https:\/\/bonello.hu\/index.php?rest_route=\/wp\/v2\/types\/product"}],"wp:attachment":[{"href":"https:\/\/bonello.hu\/index.php?rest_route=%2Fwp%2Fv2%2Fmedia&parent=1304"}],"wp:term":[{"taxonomy":"product_cat","embeddable":true,"href":"https:\/\/bonello.hu\/index.php?rest_route=%2Fwp%2Fv2%2Fproduct_cat&post=1304"},{"taxonomy":"product_tag","embeddable":true,"href":"https:\/\/bonello.hu\/index.php?rest_route=%2Fwp%2Fv2%2Fproduct_tag&post=1304"}],"curies":[{"name":"wp","href":"https:\/\/api.w.org\/{rel}","templated":true}]}}