{"id":1316,"date":"2020-12-15T20:16:41","date_gmt":"2020-12-15T19:16:41","guid":{"rendered":"https:\/\/bonello.hu\/?post_type=product&#038;p=1316"},"modified":"2021-10-10T19:33:47","modified_gmt":"2021-10-10T18:33:47","slug":"kek-kockas-kisruha-12-18-honapos-meretben","status":"publish","type":"product","link":"https:\/\/bonello.hu\/?product=kek-kockas-kisruha-12-18-honapos-meretben","title":{"rendered":"K\u00e9k kock\u00e1s kisruha 12-18 h\u00f3napos m\u00e9retben"},"content":{"rendered":"<p>Pamutv\u00e1szon kisruha, ami 1-1 1\/2 \u00e9ves m\u00e9retben k\u00e9sz\u00fclt el.<\/p>\n<p>Szoknya r\u00e9sze t\u00f6bbr\u00e9teg\u0171. Az als\u00f3 szoknya t\u00fcll\u00f6s, \u00edgy sz\u00e9pen kitartja a fels\u0151 r\u00e9tegeket.<\/p>\n<p>A fels\u0151r\u00e9sz nyaka gum\u00edrozott szalaggal szegett, a ruh\u00e1t farkasfog d\u00edsz\u00edti t\u00f6bb helyen.<\/p>\n<p>Mellsz\u00e9less\u00e9g:61cm<\/p>\n<p>Hossz :49cm<\/p>\n<p><strong>Ha nincs k\u00e9szleten, de szeretne ehhez hasonl\u00f3 ruh\u00e1t m\u00e1s sz\u00ednben vagy m\u00e9retben, akkor keressen meg az el\u00e9rhet\u0151s\u00e9geimen. Sz\u00edvesen elk\u00e9sz\u00edtem k\u00e9r\u00e9s szerint.<\/strong><\/p>\n","protected":false},"excerpt":{"rendered":"<p>Pamutv\u00e1szon kisruha, ami 1-1 1\/2 \u00e9ves m\u00e9retben k\u00e9sz\u00fclt el. Szoknya r\u00e9sze t\u00f6bbr\u00e9teg\u0171. Az als\u00f3 szoknya t\u00fcll\u00f6s, \u00edgy sz\u00e9pen kitartja a fels\u0151 r\u00e9tegeket. A fels\u0151r\u00e9sz nyaka gum\u00edrozott szalaggal szegett, a ruh\u00e1t farkasfog d\u00edsz\u00edti t\u00f6bb helyen. Mellsz\u00e9less\u00e9g:61cm Hossz :49cm Ha nincs k\u00e9szleten, de szeretne ehhez hasonl\u00f3 ruh\u00e1t m\u00e1s sz\u00ednben vagy m\u00e9retben, akkor keressen meg az el\u00e9rhet\u0151s\u00e9geimen. Sz\u00edvesen [&hellip;]<\/p>\n","protected":false},"featured_media":0,"template":"","meta":{"_et_pb_use_builder":"","_et_pb_old_content":"","_et_gb_content_width":""},"product_cat":[20,61],"product_tag":[66,69,78,90],"_links":{"self":[{"href":"https:\/\/bonello.hu\/index.php?rest_route=\/wp\/v2\/product\/1316"}],"collection":[{"href":"https:\/\/bonello.hu\/index.php?rest_route=\/wp\/v2\/product"}],"about":[{"href":"https:\/\/bonello.hu\/index.php?rest_route=\/wp\/v2\/types\/product"}],"wp:attachment":[{"href":"https:\/\/bonello.hu\/index.php?rest_route=%2Fwp%2Fv2%2Fmedia&parent=1316"}],"wp:term":[{"taxonomy":"product_cat","embeddable":true,"href":"https:\/\/bonello.hu\/index.php?rest_route=%2Fwp%2Fv2%2Fproduct_cat&post=1316"},{"taxonomy":"product_tag","embeddable":true,"href":"https:\/\/bonello.hu\/index.php?rest_route=%2Fwp%2Fv2%2Fproduct_tag&post=1316"}],"curies":[{"name":"wp","href":"https:\/\/api.w.org\/{rel}","templated":true}]}}