{"id":1321,"date":"2020-12-16T16:10:12","date_gmt":"2020-12-16T15:10:12","guid":{"rendered":"https:\/\/bonello.hu\/?post_type=product&#038;p=1321"},"modified":"2021-10-10T19:01:51","modified_gmt":"2021-10-10T18:01:51","slug":"korall-szinu-szett-csikos-korszoknyaval-6-9-honapos-meretben","status":"publish","type":"product","link":"https:\/\/bonello.hu\/?product=korall-szinu-szett-csikos-korszoknyaval-6-9-honapos-meretben","title":{"rendered":"Korall sz\u00edn\u0171 szett, cs\u00edkos k\u00f6rszokny\u00e1val 6-9 h\u00f3napos m\u00e9retben"},"content":{"rendered":"<div>\n<p>\u00c9l\u00e9nk, vid\u00e1m sz\u00edn\u0171 szett. A body korall piros sz\u00edn\u0171, elasztikus pamutb\u00f3l k\u00e9sz\u00fclt. H\u00e1ta \u00edvesen kiv\u00e1gott, k\u00f6rbe\u00a0 nagy m\u00e9ret\u0171 feh\u00e9r vir\u00e1g mint\u00e1s csipke fut d\u00edsz\u00edt\u00e9sk\u00e9nt. Ujja\u00a0 szoknya \u00e9s a body anyag\u00e1b\u00f3l van.<\/p>\n<p>A szoknya pamutv\u00e1szon, feh\u00e9r \u00e9s piros hajsz\u00e1lcs\u00edkos. K\u00f6rszokny\u00e1nak van szabva \u00e9s a derek\u00e1t csipkegumi h\u00fazza \u00f6ssze.<\/p>\n<p>6-9 h\u00f3napos m\u00e9retben k\u00e9sz\u00fclt el ez a szett.<\/p>\n<\/div>\n<div>Anyag\u00f6sszet\u00e9tel: 85%pamut, 15% poli\u00e9szter<\/div>\n<div><\/div>\n<div>\u00a0<strong>Ha nincs k\u00e9szleten, de szeretne ehhez hasonl\u00f3 ruh\u00e1t m\u00e1s sz\u00ednben vagy m\u00e9retben, akkor keressen meg az el\u00e9rhet\u0151s\u00e9geimen. Sz\u00edvesen elk\u00e9sz\u00edtem k\u00e9r\u00e9s szerint.<\/strong><\/div>\n","protected":false},"excerpt":{"rendered":"<p>\u00c9l\u00e9nk, vid\u00e1m sz\u00edn\u0171 szett. A body korall piros sz\u00edn\u0171, elasztikus pamutb\u00f3l k\u00e9sz\u00fclt. H\u00e1ta \u00edvesen kiv\u00e1gott, k\u00f6rbe\u00a0 nagy m\u00e9ret\u0171 feh\u00e9r vir\u00e1g mint\u00e1s csipke fut d\u00edsz\u00edt\u00e9sk\u00e9nt. Ujja\u00a0 szoknya \u00e9s a body anyag\u00e1b\u00f3l van. A szoknya pamutv\u00e1szon, feh\u00e9r \u00e9s piros hajsz\u00e1lcs\u00edkos. K\u00f6rszokny\u00e1nak van szabva \u00e9s a derek\u00e1t csipkegumi h\u00fazza \u00f6ssze. 6-9 h\u00f3napos m\u00e9retben k\u00e9sz\u00fclt el ez a szett. [&hellip;]<\/p>\n","protected":false},"featured_media":0,"template":"","meta":{"_et_pb_use_builder":"","_et_pb_old_content":"","_et_gb_content_width":""},"product_cat":[19],"product_tag":[57,72,56,134,73],"_links":{"self":[{"href":"https:\/\/bonello.hu\/index.php?rest_route=\/wp\/v2\/product\/1321"}],"collection":[{"href":"https:\/\/bonello.hu\/index.php?rest_route=\/wp\/v2\/product"}],"about":[{"href":"https:\/\/bonello.hu\/index.php?rest_route=\/wp\/v2\/types\/product"}],"wp:attachment":[{"href":"https:\/\/bonello.hu\/index.php?rest_route=%2Fwp%2Fv2%2Fmedia&parent=1321"}],"wp:term":[{"taxonomy":"product_cat","embeddable":true,"href":"https:\/\/bonello.hu\/index.php?rest_route=%2Fwp%2Fv2%2Fproduct_cat&post=1321"},{"taxonomy":"product_tag","embeddable":true,"href":"https:\/\/bonello.hu\/index.php?rest_route=%2Fwp%2Fv2%2Fproduct_tag&post=1321"}],"curies":[{"name":"wp","href":"https:\/\/api.w.org\/{rel}","templated":true}]}}