{"id":1354,"date":"2020-12-30T12:07:58","date_gmt":"2020-12-30T11:07:58","guid":{"rendered":"https:\/\/bonello.hu\/?post_type=product&#038;p=1354"},"modified":"2021-10-08T18:01:35","modified_gmt":"2021-10-08T17:01:35","slug":"vidam-szines-ujjatlan-body-fotozasra-3-6-honapos-meretben","status":"publish","type":"product","link":"https:\/\/bonello.hu\/?product=vidam-szines-ujjatlan-body-fotozasra-3-6-honapos-meretben","title":{"rendered":"Vid\u00e1m, sz\u00ednes ujjatlan body fot\u00f3z\u00e1sra 3-6 h\u00f3napos m\u00e9retben"},"content":{"rendered":"<div>\n<p>Gy\u0171rt pamutv\u00e1szon anyagb\u00f3l varrt kis napoz\u00f3. H\u00e1ta nyitott, feh\u00e9r csipk\u00e9vel gum\u00edrozott \u00e9s az elej\u00e9n is csipke d\u00edsz\u00edt\u00e9s van. Megk\u00f6t\u0151je valamint a der\u00e9k r\u00e9szn\u00e9l pink szat\u00e9n szalagot haszn\u00e1ltam.<\/p>\n<p>3-6 h\u00f3napos m\u00e9retben k\u00e9sz\u00fclt el.<\/p>\n<\/div>\n<div>Anyag\u00f6sszet\u00e9tel: 85%pamut, 15% poli\u00e9szter<\/div>\n<div><\/div>\n<div>\u00a0<strong>Ha nincs k\u00e9szleten, de szeretne ehhez hasonl\u00f3 ruh\u00e1t m\u00e1s sz\u00ednben vagy m\u00e9retben, akkor keressen meg az el\u00e9rhet\u0151s\u00e9geimen. Sz\u00edvesen elk\u00e9sz\u00edtem k\u00e9r\u00e9s szerint.<\/strong><\/div>\n","protected":false},"excerpt":{"rendered":"<p>Gy\u0171rt pamutv\u00e1szon anyagb\u00f3l varrt kis napoz\u00f3. H\u00e1ta nyitott, feh\u00e9r csipk\u00e9vel gum\u00edrozott \u00e9s az elej\u00e9n is csipke d\u00edsz\u00edt\u00e9s van. Megk\u00f6t\u0151je valamint a der\u00e9k r\u00e9szn\u00e9l pink szat\u00e9n szalagot haszn\u00e1ltam. 3-6 h\u00f3napos m\u00e9retben k\u00e9sz\u00fclt el. Anyag\u00f6sszet\u00e9tel: 85%pamut, 15% poli\u00e9szter \u00a0Ha nincs k\u00e9szleten, de szeretne ehhez hasonl\u00f3 ruh\u00e1t m\u00e1s sz\u00ednben vagy m\u00e9retben, akkor keressen meg az el\u00e9rhet\u0151s\u00e9geimen. Sz\u00edvesen elk\u00e9sz\u00edtem [&hellip;]<\/p>\n","protected":false},"featured_media":0,"template":"","meta":{"_et_pb_use_builder":"","_et_pb_old_content":"","_et_gb_content_width":""},"product_cat":[60],"product_tag":[72,142,134,55,141],"_links":{"self":[{"href":"https:\/\/bonello.hu\/index.php?rest_route=\/wp\/v2\/product\/1354"}],"collection":[{"href":"https:\/\/bonello.hu\/index.php?rest_route=\/wp\/v2\/product"}],"about":[{"href":"https:\/\/bonello.hu\/index.php?rest_route=\/wp\/v2\/types\/product"}],"wp:attachment":[{"href":"https:\/\/bonello.hu\/index.php?rest_route=%2Fwp%2Fv2%2Fmedia&parent=1354"}],"wp:term":[{"taxonomy":"product_cat","embeddable":true,"href":"https:\/\/bonello.hu\/index.php?rest_route=%2Fwp%2Fv2%2Fproduct_cat&post=1354"},{"taxonomy":"product_tag","embeddable":true,"href":"https:\/\/bonello.hu\/index.php?rest_route=%2Fwp%2Fv2%2Fproduct_tag&post=1354"}],"curies":[{"name":"wp","href":"https:\/\/api.w.org\/{rel}","templated":true}]}}