{"id":1360,"date":"2020-12-30T15:18:05","date_gmt":"2020-12-30T14:18:05","guid":{"rendered":"https:\/\/bonello.hu\/?post_type=product&#038;p=1360"},"modified":"2021-10-08T17:42:44","modified_gmt":"2021-10-08T16:42:44","slug":"csipkesmagas-dereku-nadrag-9-12-honapos-meretben","status":"publish","type":"product","link":"https:\/\/bonello.hu\/?product=csipkesmagas-dereku-nadrag-9-12-honapos-meretben","title":{"rendered":"Csipk\u00e9s,magas derek\u00fa nadr\u00e1g 9-12 h\u00f3napos m\u00e9retben"},"content":{"rendered":"<div>\n<p>V\u00e9kony k\u00f6t\u00f6tt csipke mint\u00e1j\u00fa kisnadr\u00e1g, mely puha tapint\u00e1s\u00fa \u00e9s elasztikus anyag\u00fa. K\u00f6z\u00e9p barna sz\u00edn\u0171 magas\u00edtott der\u00e9kkal. A dereka fodros \u00e9s csipk\u00e9s gumival varrt. D\u00edsz\u00edt\u00e9sk\u00e9nt halv\u00e1ny r\u00f3zsasz\u00edn \u00e9s p\u00fader r\u00f3zsasz\u00edn szalag \u00e9s gy\u00f6ngy ker\u00fclt r\u00e1. Hozz\u00e1 ill\u0151 fejp\u00e1nt is k\u00e9sz\u00fclt a szetthez. A nadr\u00e1g alja is csipke gumival h\u00fazott.<\/p>\n<p>9-12 h\u00f3napos m\u00e9retben k\u00e9sz\u00fclt el.<\/p>\n<\/div>\n<div>Anyag\u00f6sszet\u00e9tel: 90%pamut, 10% poli\u00e9szter<\/div>\n<div><\/div>\n<div>\u00a0<strong>Ha nincs k\u00e9szleten, de szeretne ehhez hasonl\u00f3 ruh\u00e1t m\u00e1s sz\u00ednben vagy m\u00e9retben, akkor keressen meg az el\u00e9rhet\u0151s\u00e9geimen. Sz\u00edvesen elk\u00e9sz\u00edtem k\u00e9r\u00e9s szerint.<\/strong><\/div>\n","protected":false},"excerpt":{"rendered":"<p>V\u00e9kony k\u00f6t\u00f6tt csipke mint\u00e1j\u00fa kisnadr\u00e1g, mely puha tapint\u00e1s\u00fa \u00e9s elasztikus anyag\u00fa. K\u00f6z\u00e9p barna sz\u00edn\u0171 magas\u00edtott der\u00e9kkal. A dereka fodros \u00e9s csipk\u00e9s gumival varrt. D\u00edsz\u00edt\u00e9sk\u00e9nt halv\u00e1ny r\u00f3zsasz\u00edn \u00e9s p\u00fader r\u00f3zsasz\u00edn szalag \u00e9s gy\u00f6ngy ker\u00fclt r\u00e1. Hozz\u00e1 ill\u0151 fejp\u00e1nt is k\u00e9sz\u00fclt a szetthez. A nadr\u00e1g alja is csipke gumival h\u00fazott. 9-12 h\u00f3napos m\u00e9retben k\u00e9sz\u00fclt el. Anyag\u00f6sszet\u00e9tel: 90%pamut, [&hellip;]<\/p>\n","protected":false},"featured_media":0,"template":"","meta":{"_et_pb_use_builder":"","_et_pb_old_content":"","_et_gb_content_width":""},"product_cat":[21],"product_tag":[98,80,72,90],"_links":{"self":[{"href":"https:\/\/bonello.hu\/index.php?rest_route=\/wp\/v2\/product\/1360"}],"collection":[{"href":"https:\/\/bonello.hu\/index.php?rest_route=\/wp\/v2\/product"}],"about":[{"href":"https:\/\/bonello.hu\/index.php?rest_route=\/wp\/v2\/types\/product"}],"wp:attachment":[{"href":"https:\/\/bonello.hu\/index.php?rest_route=%2Fwp%2Fv2%2Fmedia&parent=1360"}],"wp:term":[{"taxonomy":"product_cat","embeddable":true,"href":"https:\/\/bonello.hu\/index.php?rest_route=%2Fwp%2Fv2%2Fproduct_cat&post=1360"},{"taxonomy":"product_tag","embeddable":true,"href":"https:\/\/bonello.hu\/index.php?rest_route=%2Fwp%2Fv2%2Fproduct_tag&post=1360"}],"curies":[{"name":"wp","href":"https:\/\/api.w.org\/{rel}","templated":true}]}}