{"id":1361,"date":"2020-12-30T15:31:18","date_gmt":"2020-12-30T14:31:18","guid":{"rendered":"https:\/\/bonello.hu\/?post_type=product&#038;p=1361"},"modified":"2021-10-08T17:37:17","modified_gmt":"2021-10-08T16:37:17","slug":"halvany-rozsaszin-bugyi-fodros-sapkaval-6-12-honapos-meretben","status":"publish","type":"product","link":"https:\/\/bonello.hu\/?product=halvany-rozsaszin-bugyi-fodros-sapkaval-6-12-honapos-meretben","title":{"rendered":"Halv\u00e1ny r\u00f3zsasz\u00edn bugyi fodros sapk\u00e1val 6-12 h\u00f3napos m\u00e9retben"},"content":{"rendered":"<div>\n<p>Nagyon finom sz\u00edn\u0171 \u00e9s tapint\u00e1s\u00fa k\u00e9zzel k\u00f6t\u00f6tt szett.<\/p>\n<p>A bugyi magas derek\u00fa, j\u00f3l ny\u00falik, \u00edgy nagyobb bab\u00e1kra is adhat\u00f3.<\/p>\n<p>A sapka fodor r\u00e9sze horgol\u00e1ssal lett k\u00e9sz\u00edtve. A bugyik\u00e1n l\u00e9v\u0151 d\u00edsz szat\u00e9n, organza szalag \u00e9s nagy egy m\u00e9ret\u0171 vir\u00e1g egy\u00fcttese.<\/p>\n<p>6-12 h\u00f3napos m\u00e9retben k\u00e9sz\u00fclt el ez a szett.<\/p>\n<\/div>\n<div>Anyag\u00f6sszet\u00e9tel: 85%pamut,15% poli\u00e9szter<\/div>\n<div><\/div>\n<div>\u00a0<strong>Ha nincs k\u00e9szleten, de szeretne ehhez hasonl\u00f3 ruh\u00e1t m\u00e1s sz\u00ednben vagy m\u00e9retben, akkor keressen meg az el\u00e9rhet\u0151s\u00e9geimen. Sz\u00edvesen elk\u00e9sz\u00edtem k\u00e9r\u00e9s szerint.<\/strong><\/div>\n","protected":false},"excerpt":{"rendered":"<p>Nagyon finom sz\u00edn\u0171 \u00e9s tapint\u00e1s\u00fa k\u00e9zzel k\u00f6t\u00f6tt szett. A bugyi magas derek\u00fa, j\u00f3l ny\u00falik, \u00edgy nagyobb bab\u00e1kra is adhat\u00f3. A sapka fodor r\u00e9sze horgol\u00e1ssal lett k\u00e9sz\u00edtve. A bugyik\u00e1n l\u00e9v\u0151 d\u00edsz szat\u00e9n, organza szalag \u00e9s nagy egy m\u00e9ret\u0171 vir\u00e1g egy\u00fcttese. 6-12 h\u00f3napos m\u00e9retben k\u00e9sz\u00fclt el ez a szett. Anyag\u00f6sszet\u00e9tel: 85%pamut,15% poli\u00e9szter \u00a0Ha nincs k\u00e9szleten, de szeretne [&hellip;]<\/p>\n","protected":false},"featured_media":0,"template":"","meta":{"_et_pb_use_builder":"","_et_pb_old_content":"","_et_gb_content_width":""},"product_cat":[19,21],"product_tag":[72,85,134,55,73],"_links":{"self":[{"href":"https:\/\/bonello.hu\/index.php?rest_route=\/wp\/v2\/product\/1361"}],"collection":[{"href":"https:\/\/bonello.hu\/index.php?rest_route=\/wp\/v2\/product"}],"about":[{"href":"https:\/\/bonello.hu\/index.php?rest_route=\/wp\/v2\/types\/product"}],"wp:attachment":[{"href":"https:\/\/bonello.hu\/index.php?rest_route=%2Fwp%2Fv2%2Fmedia&parent=1361"}],"wp:term":[{"taxonomy":"product_cat","embeddable":true,"href":"https:\/\/bonello.hu\/index.php?rest_route=%2Fwp%2Fv2%2Fproduct_cat&post=1361"},{"taxonomy":"product_tag","embeddable":true,"href":"https:\/\/bonello.hu\/index.php?rest_route=%2Fwp%2Fv2%2Fproduct_tag&post=1361"}],"curies":[{"name":"wp","href":"https:\/\/api.w.org\/{rel}","templated":true}]}}