{"id":1377,"date":"2020-12-30T19:03:33","date_gmt":"2020-12-30T18:03:33","guid":{"rendered":"https:\/\/bonello.hu\/?post_type=product&#038;p=1377"},"modified":"2021-10-08T15:26:21","modified_gmt":"2021-10-08T14:26:21","slug":"fine-art-ruha-kotennyel-6-9-eves-meretre","status":"publish","type":"product","link":"https:\/\/bonello.hu\/?product=fine-art-ruha-kotennyel-6-9-eves-meretre","title":{"rendered":"Fine Art ruha k\u00f6t\u00e9nnyel 6-9 \u00e9ves m\u00e9retre"},"content":{"rendered":"<p>Sz\u00fcrke pamutv\u00e1szon kisruha Fine Art st\u00edlusban k\u00e9sz\u00fclt el. M\u00e1s m\u00e9retben \u00e9s sz\u00ednben is k\u00e9rhet\u0151!\u00a0 A ruha alja \u00e9s buggyos ujja pamutcsipk\u00e9vel d\u00edsz\u00edtett.<\/p>\n<p>A csipke mint\u00e1ja elt\u00e9rhet megrendel\u00e9sn\u00e9l, de a ruha st\u00edlus\u00e1hoz mindig illeni fog. Ezzel is biztos\u00edtani tudom, hogy minden kedves megrendel\u0151 egyedi term\u00e9ket kap.<\/p>\n<p>A ruh\u00e1hoz k\u00f6t\u00e9ny is tartozik, ami szint\u00e9n pamutv\u00e1szonb\u00f3l k\u00e9sz\u00fcl.<\/p>\n<p>Egy\u00fctt \u00e9s k\u00fcl\u00f6n is haszn\u00e1lhat\u00f3k, de m\u00e1ssal is kombin\u00e1lhat\u00f3k a darabok.<\/p>\n<p>Melln\u00e9l szabott, enyh\u00e9n r\u00e1ncolt a szoknya.H\u00e1ta gombbal z\u00e1r\u00f3dik.<\/p>\n<p>116-128 m\u00e9retre szabott, ami 6-9 \u00e9ves m\u00e9retnek felel meg.<\/p>\n<p>&nbsp;<\/p>\n<p>Anyag\u00f6sszet\u00e9tel: 100% pamut<\/p>\n<p><strong>Ha nincs k\u00e9szleten, de szeretne ehhez hasonl\u00f3 ruh\u00e1t m\u00e1s sz\u00ednben vagy m\u00e9retben, akkor keressen meg az el\u00e9rhet\u0151s\u00e9geimen. Sz\u00edvesen elk\u00e9sz\u00edtem k\u00e9r\u00e9s szerint.<\/strong><\/p>\n","protected":false},"excerpt":{"rendered":"<p>Sz\u00fcrke pamutv\u00e1szon kisruha Fine Art st\u00edlusban k\u00e9sz\u00fclt el. M\u00e1s m\u00e9retben \u00e9s sz\u00ednben is k\u00e9rhet\u0151!\u00a0 A ruha alja \u00e9s buggyos ujja pamutcsipk\u00e9vel d\u00edsz\u00edtett. A csipke mint\u00e1ja elt\u00e9rhet megrendel\u00e9sn\u00e9l, de a ruha st\u00edlus\u00e1hoz mindig illeni fog. Ezzel is biztos\u00edtani tudom, hogy minden kedves megrendel\u0151 egyedi term\u00e9ket kap. A ruh\u00e1hoz k\u00f6t\u00e9ny is tartozik, ami szint\u00e9n pamutv\u00e1szonb\u00f3l k\u00e9sz\u00fcl. Egy\u00fctt [&hellip;]<\/p>\n","protected":false},"featured_media":0,"template":"","meta":{"_et_pb_use_builder":"","_et_pb_old_content":"","_et_gb_content_width":""},"product_cat":[29],"product_tag":[80,125,72,69,90],"_links":{"self":[{"href":"https:\/\/bonello.hu\/index.php?rest_route=\/wp\/v2\/product\/1377"}],"collection":[{"href":"https:\/\/bonello.hu\/index.php?rest_route=\/wp\/v2\/product"}],"about":[{"href":"https:\/\/bonello.hu\/index.php?rest_route=\/wp\/v2\/types\/product"}],"wp:attachment":[{"href":"https:\/\/bonello.hu\/index.php?rest_route=%2Fwp%2Fv2%2Fmedia&parent=1377"}],"wp:term":[{"taxonomy":"product_cat","embeddable":true,"href":"https:\/\/bonello.hu\/index.php?rest_route=%2Fwp%2Fv2%2Fproduct_cat&post=1377"},{"taxonomy":"product_tag","embeddable":true,"href":"https:\/\/bonello.hu\/index.php?rest_route=%2Fwp%2Fv2%2Fproduct_tag&post=1377"}],"curies":[{"name":"wp","href":"https:\/\/api.w.org\/{rel}","templated":true}]}}