{"id":1396,"date":"2021-01-02T15:15:42","date_gmt":"2021-01-02T14:15:42","guid":{"rendered":"https:\/\/bonello.hu\/?post_type=product&#038;p=1396"},"modified":"2021-01-02T15:23:56","modified_gmt":"2021-01-02T14:23:56","slug":"babakek-nyari-szett-3-6-honapos-meretben","status":"publish","type":"product","link":"https:\/\/bonello.hu\/?product=babakek-nyari-szett-3-6-honapos-meretben","title":{"rendered":"Babak\u00e9k ny\u00e1ri szett 3-6 h\u00f3napos m\u00e9retben"},"content":{"rendered":"<div dir=\"auto\">Finom babak\u00e9k \u00e1rnyalat\u00fa nyakban megk\u00f6t\u0151s body, hajp\u00e1nttal.<\/div>\n<div dir=\"auto\">A kisruh\u00e1ra d\u00edsz\u00edt\u00e9sk\u00e9nt r\u00f3zsasz\u00edn bogy\u00f3s szalag van t\u00f6bb sorban varrva \u00e9s a hajp\u00e1nton is visszak\u00f6sz\u00f6n ez a szalag.<\/div>\n<div dir=\"auto\">Puha pamut anyag\u00fa, amely j\u00f3l ny\u00falik. H\u00e1ta nyitott \u00e9s organza szalagos gumival h\u00fazott. A megk\u00f6t\u0151 k\u00e9t organza szalag r\u00f3zsasz\u00edn \u00e9s k\u00e9k \u00e1rnyalatban.<\/div>\n<div dir=\"auto\"><\/div>\n<div dir=\"auto\">62-68 m\u00e9retre lett szabva.<\/div>\n<div dir=\"auto\"><\/div>\n<div dir=\"auto\">Anyag\u00f6sszet\u00e9tel: 95% pamut,5% poli\u00e9szter<\/div>\n<div dir=\"auto\">\u00a0<strong>Ha nincs k\u00e9szleten, de szeretne ehhez hasonl\u00f3 ruh\u00e1t m\u00e1s sz\u00ednben vagy m\u00e9retben, akkor keressen meg az el\u00e9rhet\u0151s\u00e9geimen. Sz\u00edvesen elk\u00e9sz\u00edtem k\u00e9r\u00e9s szerint.<\/strong><\/div>\n<div dir=\"auto\"><\/div>\n","protected":false},"excerpt":{"rendered":"<p>Finom babak\u00e9k \u00e1rnyalat\u00fa nyakban megk\u00f6t\u0151s body, hajp\u00e1nttal. A kisruh\u00e1ra d\u00edsz\u00edt\u00e9sk\u00e9nt r\u00f3zsasz\u00edn bogy\u00f3s szalag van t\u00f6bb sorban varrva \u00e9s a hajp\u00e1nton is visszak\u00f6sz\u00f6n ez a szalag. Puha pamut anyag\u00fa, amely j\u00f3l ny\u00falik. H\u00e1ta nyitott \u00e9s organza szalagos gumival h\u00fazott. A megk\u00f6t\u0151 k\u00e9t organza szalag r\u00f3zsasz\u00edn \u00e9s k\u00e9k \u00e1rnyalatban. 62-68 m\u00e9retre lett szabva. Anyag\u00f6sszet\u00e9tel: 95% pamut,5% poli\u00e9szter [&hellip;]<\/p>\n","protected":false},"featured_media":0,"template":"","meta":{"_et_pb_use_builder":"","_et_pb_old_content":"","_et_gb_content_width":""},"product_cat":[60],"product_tag":[57,72,84,90],"_links":{"self":[{"href":"https:\/\/bonello.hu\/index.php?rest_route=\/wp\/v2\/product\/1396"}],"collection":[{"href":"https:\/\/bonello.hu\/index.php?rest_route=\/wp\/v2\/product"}],"about":[{"href":"https:\/\/bonello.hu\/index.php?rest_route=\/wp\/v2\/types\/product"}],"wp:attachment":[{"href":"https:\/\/bonello.hu\/index.php?rest_route=%2Fwp%2Fv2%2Fmedia&parent=1396"}],"wp:term":[{"taxonomy":"product_cat","embeddable":true,"href":"https:\/\/bonello.hu\/index.php?rest_route=%2Fwp%2Fv2%2Fproduct_cat&post=1396"},{"taxonomy":"product_tag","embeddable":true,"href":"https:\/\/bonello.hu\/index.php?rest_route=%2Fwp%2Fv2%2Fproduct_tag&post=1396"}],"curies":[{"name":"wp","href":"https:\/\/api.w.org\/{rel}","templated":true}]}}