{"id":1397,"date":"2021-01-02T15:25:43","date_gmt":"2021-01-02T14:25:43","guid":{"rendered":"https:\/\/bonello.hu\/?post_type=product&#038;p=1397"},"modified":"2021-10-05T20:21:54","modified_gmt":"2021-10-05T19:21:54","slug":"kezzel-kotott-pelus-fazon-fotozasra-6-9-honapos-meretben-2","status":"publish","type":"product","link":"https:\/\/bonello.hu\/?product=kezzel-kotott-pelus-fazon-fotozasra-6-9-honapos-meretben-2","title":{"rendered":"K\u00e9zzel k\u00f6t\u00f6tt pelus fazon fot\u00f3z\u00e1sra 6-9 h\u00f3napos m\u00e9retben"},"content":{"rendered":"<div>\n<p>Puha fonalb\u00f3l k\u00e9zzel k\u00f6t\u00f6tt m\u00e9ly r\u00f3zsasz\u00edn sz\u00edn\u0171 pelus. Nagyon j\u00f3l ny\u00falik. Elej\u00e9n k\u00e9zzel k\u00e9sz\u00edtett selyem \u00e9s organza vir\u00e1gok d\u00edsz\u00edtik, melyek gy\u00f6ngy\u00f6kkel vannak kivarrva.<\/p>\n<p>F\u00e9nylenek sz\u00e9pen a vir\u00e1gok.<\/p>\n<p>6-9 h\u00f3napos m\u00e9retben k\u00e9sz\u00fclt el, de nagyobb bab\u00e1kra is j\u00f3.<\/p>\n<\/div>\n<div>Anyag\u00f6sszet\u00e9tel: 85%pamut, 15% poli\u00e9szter<\/div>\n<div><\/div>\n<div>\u00a0<strong>Ha nincs k\u00e9szleten, de szeretne ehhez hasonl\u00f3 ruh\u00e1t m\u00e1s sz\u00ednben vagy m\u00e9retben, akkor keressen meg az el\u00e9rhet\u0151s\u00e9geimen. Sz\u00edvesen elk\u00e9sz\u00edtem k\u00e9r\u00e9s szerint.<\/strong><\/div>\n","protected":false},"excerpt":{"rendered":"<p>Puha fonalb\u00f3l k\u00e9zzel k\u00f6t\u00f6tt m\u00e9ly r\u00f3zsasz\u00edn sz\u00edn\u0171 pelus. Nagyon j\u00f3l ny\u00falik. Elej\u00e9n k\u00e9zzel k\u00e9sz\u00edtett selyem \u00e9s organza vir\u00e1gok d\u00edsz\u00edtik, melyek gy\u00f6ngy\u00f6kkel vannak kivarrva. F\u00e9nylenek sz\u00e9pen a vir\u00e1gok. 6-9 h\u00f3napos m\u00e9retben k\u00e9sz\u00fclt el, de nagyobb bab\u00e1kra is j\u00f3. Anyag\u00f6sszet\u00e9tel: 85%pamut, 15% poli\u00e9szter \u00a0Ha nincs k\u00e9szleten, de szeretne ehhez hasonl\u00f3 ruh\u00e1t m\u00e1s sz\u00ednben vagy m\u00e9retben, akkor keressen [&hellip;]<\/p>\n","protected":false},"featured_media":0,"template":"","meta":{"_et_pb_use_builder":"","_et_pb_old_content":"","_et_gb_content_width":""},"product_cat":[19],"product_tag":[72,85,134],"_links":{"self":[{"href":"https:\/\/bonello.hu\/index.php?rest_route=\/wp\/v2\/product\/1397"}],"collection":[{"href":"https:\/\/bonello.hu\/index.php?rest_route=\/wp\/v2\/product"}],"about":[{"href":"https:\/\/bonello.hu\/index.php?rest_route=\/wp\/v2\/types\/product"}],"wp:attachment":[{"href":"https:\/\/bonello.hu\/index.php?rest_route=%2Fwp%2Fv2%2Fmedia&parent=1397"}],"wp:term":[{"taxonomy":"product_cat","embeddable":true,"href":"https:\/\/bonello.hu\/index.php?rest_route=%2Fwp%2Fv2%2Fproduct_cat&post=1397"},{"taxonomy":"product_tag","embeddable":true,"href":"https:\/\/bonello.hu\/index.php?rest_route=%2Fwp%2Fv2%2Fproduct_tag&post=1397"}],"curies":[{"name":"wp","href":"https:\/\/api.w.org\/{rel}","templated":true}]}}