{"id":1401,"date":"2021-01-02T16:57:00","date_gmt":"2021-01-02T15:57:00","guid":{"rendered":"https:\/\/bonello.hu\/?post_type=product&#038;p=1401"},"modified":"2021-10-05T20:12:41","modified_gmt":"2021-10-05T19:12:41","slug":"romantikus-csipkes-szett-fotozasra-ujszulott-meretben","status":"publish","type":"product","link":"https:\/\/bonello.hu\/?product=romantikus-csipkes-szett-fotozasra-ujszulott-meretben","title":{"rendered":"Romantikus, csipk\u00e9s szett fot\u00f3z\u00e1sra \u00fajsz\u00fcl\u00f6tt m\u00e9retben"},"content":{"rendered":"<div dir=\"auto\">K\u00e9t r\u00e9szb\u0151l \u00e1ll\u00f3 szett. A bugyi t\u00f6rtfeh\u00e9r r\u00f3zsa mint\u00e1s pamutv\u00e1szonb\u00f3l k\u00e9sz\u00fclt. Fen\u00e9k r\u00e9szre sok fodor lett varrva.<\/div>\n<div dir=\"auto\">Fot\u00f3z\u00e1sn\u00e1l t\u00f6bb ir\u00e1nyb\u00f3l is fot\u00f3zhat\u00f3.<\/div>\n<div dir=\"auto\">A fels\u0151 r\u00e9sz ujjatlan v\u00e1ltozat\u00fa, egyik oldal\u00e1n \u00e9s v\u00e1ll r\u00e9szen 3cm-es pamutcsipke szalaggal megk\u00f6thet\u0151. Egy sz\u00ednben harmoniz\u00e1l\u00f3 barna vir\u00e1g a romantikus hangulatot hangs\u00falyozza.<\/div>\n<div dir=\"auto\"><\/div>\n<div dir=\"auto\">Anyag\u00f6sszet\u00e9tel: 100% pamut<\/div>\n<div dir=\"auto\"><\/div>\n<div dir=\"auto\">\u00a0<strong>Ha nincs k\u00e9szleten, de szeretne ehhez hasonl\u00f3 ruh\u00e1t m\u00e1s sz\u00ednben vagy m\u00e9retben, akkor keressen meg az el\u00e9rhet\u0151s\u00e9geimen. Sz\u00edvesen elk\u00e9sz\u00edtem k\u00e9r\u00e9s szerint.<\/strong><\/div>\n<div dir=\"auto\"><\/div>\n","protected":false},"excerpt":{"rendered":"<p>K\u00e9t r\u00e9szb\u0151l \u00e1ll\u00f3 szett. A bugyi t\u00f6rtfeh\u00e9r r\u00f3zsa mint\u00e1s pamutv\u00e1szonb\u00f3l k\u00e9sz\u00fclt. Fen\u00e9k r\u00e9szre sok fodor lett varrva. Fot\u00f3z\u00e1sn\u00e1l t\u00f6bb ir\u00e1nyb\u00f3l is fot\u00f3zhat\u00f3. A fels\u0151 r\u00e9sz ujjatlan v\u00e1ltozat\u00fa, egyik oldal\u00e1n \u00e9s v\u00e1ll r\u00e9szen 3cm-es pamutcsipke szalaggal megk\u00f6thet\u0151. Egy sz\u00ednben harmoniz\u00e1l\u00f3 barna vir\u00e1g a romantikus hangulatot hangs\u00falyozza. Anyag\u00f6sszet\u00e9tel: 100% pamut \u00a0Ha nincs k\u00e9szleten, de szeretne ehhez hasonl\u00f3 [&hellip;]<\/p>\n","protected":false},"featured_media":0,"template":"","meta":{"_et_pb_use_builder":"","_et_pb_old_content":"","_et_gb_content_width":""},"product_cat":[18,31],"product_tag":[125,72,85,55,90],"_links":{"self":[{"href":"https:\/\/bonello.hu\/index.php?rest_route=\/wp\/v2\/product\/1401"}],"collection":[{"href":"https:\/\/bonello.hu\/index.php?rest_route=\/wp\/v2\/product"}],"about":[{"href":"https:\/\/bonello.hu\/index.php?rest_route=\/wp\/v2\/types\/product"}],"wp:attachment":[{"href":"https:\/\/bonello.hu\/index.php?rest_route=%2Fwp%2Fv2%2Fmedia&parent=1401"}],"wp:term":[{"taxonomy":"product_cat","embeddable":true,"href":"https:\/\/bonello.hu\/index.php?rest_route=%2Fwp%2Fv2%2Fproduct_cat&post=1401"},{"taxonomy":"product_tag","embeddable":true,"href":"https:\/\/bonello.hu\/index.php?rest_route=%2Fwp%2Fv2%2Fproduct_tag&post=1401"}],"curies":[{"name":"wp","href":"https:\/\/api.w.org\/{rel}","templated":true}]}}