{"id":1403,"date":"2021-01-02T17:19:55","date_gmt":"2021-01-02T16:19:55","guid":{"rendered":"https:\/\/bonello.hu\/?post_type=product&#038;p=1403"},"modified":"2021-10-05T20:10:23","modified_gmt":"2021-10-05T19:10:23","slug":"kezzel-kotott-szurke-szoknya-6-9-honapos-meretben","status":"publish","type":"product","link":"https:\/\/bonello.hu\/?product=kezzel-kotott-szurke-szoknya-6-9-honapos-meretben","title":{"rendered":"K\u00e9zzel k\u00f6t\u00f6tt sz\u00fcrke szoknya 6-9 h\u00f3napos m\u00e9retben"},"content":{"rendered":"<div>\n<p>Puha fonalb\u00f3l k\u00e9zzel k\u00f6t\u00f6tt vil\u00e1gos sz\u00fcrke sz\u00edn\u0171 szoknya. A szoknya anyag\u00e1ban mint\u00e1s,bord\u00f3 fodroz\u00e1ssal \u00e9s masnival.<\/p>\n<p>6-9 h\u00f3napos m\u00e9retben k\u00e9sz\u00fclt el, de nagyobb bab\u00e1kra is j\u00f3.<\/p>\n<\/div>\n<div>Anyag\u00f6sszet\u00e9tel: 85%pamut, 15% poli\u00e9szter<\/div>\n<div><\/div>\n<div>\u00a0<strong>Ha nincs k\u00e9szleten, de szeretne ehhez hasonl\u00f3 ruh\u00e1t m\u00e1s sz\u00ednben vagy m\u00e9retben, akkor keressen meg az el\u00e9rhet\u0151s\u00e9geimen. Sz\u00edvesen elk\u00e9sz\u00edtem k\u00e9r\u00e9s szerint.<\/strong><\/div>\n","protected":false},"excerpt":{"rendered":"<p>Puha fonalb\u00f3l k\u00e9zzel k\u00f6t\u00f6tt vil\u00e1gos sz\u00fcrke sz\u00edn\u0171 szoknya. A szoknya anyag\u00e1ban mint\u00e1s,bord\u00f3 fodroz\u00e1ssal \u00e9s masnival. 6-9 h\u00f3napos m\u00e9retben k\u00e9sz\u00fclt el, de nagyobb bab\u00e1kra is j\u00f3. Anyag\u00f6sszet\u00e9tel: 85%pamut, 15% poli\u00e9szter \u00a0Ha nincs k\u00e9szleten, de szeretne ehhez hasonl\u00f3 ruh\u00e1t m\u00e1s sz\u00ednben vagy m\u00e9retben, akkor keressen meg az el\u00e9rhet\u0151s\u00e9geimen. Sz\u00edvesen elk\u00e9sz\u00edtem k\u00e9r\u00e9s szerint.<\/p>\n","protected":false},"featured_media":0,"template":"","meta":{"_et_pb_use_builder":"","_et_pb_old_content":"","_et_gb_content_width":""},"product_cat":[19],"product_tag":[72,85,134],"_links":{"self":[{"href":"https:\/\/bonello.hu\/index.php?rest_route=\/wp\/v2\/product\/1403"}],"collection":[{"href":"https:\/\/bonello.hu\/index.php?rest_route=\/wp\/v2\/product"}],"about":[{"href":"https:\/\/bonello.hu\/index.php?rest_route=\/wp\/v2\/types\/product"}],"wp:attachment":[{"href":"https:\/\/bonello.hu\/index.php?rest_route=%2Fwp%2Fv2%2Fmedia&parent=1403"}],"wp:term":[{"taxonomy":"product_cat","embeddable":true,"href":"https:\/\/bonello.hu\/index.php?rest_route=%2Fwp%2Fv2%2Fproduct_cat&post=1403"},{"taxonomy":"product_tag","embeddable":true,"href":"https:\/\/bonello.hu\/index.php?rest_route=%2Fwp%2Fv2%2Fproduct_tag&post=1403"}],"curies":[{"name":"wp","href":"https:\/\/api.w.org\/{rel}","templated":true}]}}