{"id":1405,"date":"2021-01-02T17:24:54","date_gmt":"2021-01-02T16:24:54","guid":{"rendered":"https:\/\/bonello.hu\/?post_type=product&#038;p=1405"},"modified":"2021-10-05T20:08:42","modified_gmt":"2021-10-05T19:08:42","slug":"kisfiu-szett-fotozasra-ujszulott-meretben","status":"publish","type":"product","link":"https:\/\/bonello.hu\/?product=kisfiu-szett-fotozasra-ujszulott-meretben","title":{"rendered":"Kisfi\u00fa szett fot\u00f3z\u00e1sra \u00fajsz\u00fcl\u00f6tt m\u00e9retben"},"content":{"rendered":"<div dir=\"auto\">K\u00e9t r\u00e9szb\u0151l \u00e1ll\u00f3 szett. A mell\u00e9ny egy gombos, t\u00f6rtfeh\u00e9r sz\u00edn\u0171 \u00e9s anyag\u00e1ban cs\u00edkos. A nadr\u00e1g drapp lenv\u00e1szon anyagb\u00f3l k\u00e9sz\u00fclt a sz\u00e1r\u00e1n hajt\u00f3k\u00e1s v\u00e1ltozatban.<\/div>\n<div dir=\"auto\">A ruh\u00e1k nem ny\u00falnak, ez\u00e9rt b\u0151vebb fazon\u00fa a szett.<br \/>\n56-62 m\u00e9retre lett szabva.<\/div>\n<div dir=\"auto\"><\/div>\n<div dir=\"auto\">Anyag\u00f6sszet\u00e9tel: 100% pamut<\/div>\n<div dir=\"auto\"><\/div>\n<div dir=\"auto\">\u00a0<strong>Ha nincs k\u00e9szleten, de szeretne ehhez hasonl\u00f3 ruh\u00e1t m\u00e1s sz\u00ednben vagy m\u00e9retben, akkor keressen meg az el\u00e9rhet\u0151s\u00e9geimen. Sz\u00edvesen elk\u00e9sz\u00edtem k\u00e9r\u00e9s szerint.<\/strong><\/div>\n<div dir=\"auto\"><\/div>\n","protected":false},"excerpt":{"rendered":"<p>K\u00e9t r\u00e9szb\u0151l \u00e1ll\u00f3 szett. A mell\u00e9ny egy gombos, t\u00f6rtfeh\u00e9r sz\u00edn\u0171 \u00e9s anyag\u00e1ban cs\u00edkos. A nadr\u00e1g drapp lenv\u00e1szon anyagb\u00f3l k\u00e9sz\u00fclt a sz\u00e1r\u00e1n hajt\u00f3k\u00e1s v\u00e1ltozatban. A ruh\u00e1k nem ny\u00falnak, ez\u00e9rt b\u0151vebb fazon\u00fa a szett. 56-62 m\u00e9retre lett szabva. Anyag\u00f6sszet\u00e9tel: 100% pamut \u00a0Ha nincs k\u00e9szleten, de szeretne ehhez hasonl\u00f3 ruh\u00e1t m\u00e1s sz\u00ednben vagy m\u00e9retben, akkor keressen meg az [&hellip;]<\/p>\n","protected":false},"featured_media":0,"template":"","meta":{"_et_pb_use_builder":"","_et_pb_old_content":"","_et_gb_content_width":""},"product_cat":[18,32],"product_tag":[125,72,85,102,90],"_links":{"self":[{"href":"https:\/\/bonello.hu\/index.php?rest_route=\/wp\/v2\/product\/1405"}],"collection":[{"href":"https:\/\/bonello.hu\/index.php?rest_route=\/wp\/v2\/product"}],"about":[{"href":"https:\/\/bonello.hu\/index.php?rest_route=\/wp\/v2\/types\/product"}],"wp:attachment":[{"href":"https:\/\/bonello.hu\/index.php?rest_route=%2Fwp%2Fv2%2Fmedia&parent=1405"}],"wp:term":[{"taxonomy":"product_cat","embeddable":true,"href":"https:\/\/bonello.hu\/index.php?rest_route=%2Fwp%2Fv2%2Fproduct_cat&post=1405"},{"taxonomy":"product_tag","embeddable":true,"href":"https:\/\/bonello.hu\/index.php?rest_route=%2Fwp%2Fv2%2Fproduct_tag&post=1405"}],"curies":[{"name":"wp","href":"https:\/\/api.w.org\/{rel}","templated":true}]}}