{"id":1453,"date":"2021-08-22T20:54:19","date_gmt":"2021-08-22T19:54:19","guid":{"rendered":"https:\/\/bonello.hu\/?post_type=product&#038;p=1453"},"modified":"2023-01-10T20:21:09","modified_gmt":"2023-01-10T19:21:09","slug":"nyasias-viragos-lenge-ruha-9-10-eves-meretben","status":"publish","type":"product","link":"https:\/\/bonello.hu\/?product=nyasias-viragos-lenge-ruha-9-10-eves-meretben","title":{"rendered":"Ny\u00e1sias, vir\u00e1gos, lenge  ruha 9-10 \u00e9ves m\u00e9retben"},"content":{"rendered":"<div class=\"kvgmc6g5 cxmmr5t8 oygrvhab hcukyx3x c1et5uql ii04i59q\">\n<div dir=\"auto\">Lenge \u00e9s l\u00e1gy es\u00e9s\u0171 anyagb\u00f3l k\u00e9sz\u00fclt ez a ruha.<\/div>\n<div dir=\"auto\">9-10 \u00e9ves m\u00e9retre lett szabva. Kinti \u00e9s benti fot\u00f3z\u00e1son is t\u00f6k\u00e9letes, de alkalmi viseletre is aj\u00e1nlom.<\/div>\n<div dir=\"auto\">A szoknya k\u00e9t r\u00e9teg\u0171 \u00e9s a fels\u0151 vir\u00e1gos anyag nagyon b\u0151 szab\u00e1s\u00fa.<\/div>\n<div dir=\"auto\"><\/div>\n<\/div>\n<div class=\"o9v6fnle cxmmr5t8 oygrvhab hcukyx3x c1et5uql ii04i59q\">\n<div dir=\"auto\">Mellb\u0151s\u00e9g : 74cm<\/div>\n<div dir=\"auto\">Der\u00e9k: 67cm<\/div>\n<div dir=\"auto\">Hossz: 119cm<\/div>\n<div dir=\"auto\"><\/div>\n<\/div>\n<div class=\"o9v6fnle cxmmr5t8 oygrvhab hcukyx3x c1et5uql ii04i59q\">\n<div dir=\"auto\">Derek\u00e1ra egy hossz\u00fa \u00e9s sz\u00e9les p\u00e1nt van k\u00f6tve masnira, de en\u00e9lk\u00fcl is viselhet\u0151.<\/div>\n<\/div>\n<div class=\"o9v6fnle cxmmr5t8 oygrvhab hcukyx3x c1et5uql ii04i59q\">\n<div dir=\"auto\">M\u00e1s m\u00e9retben \u00e9s sz\u00ednben is rendelhet\u0151.<\/div>\n<\/div>\n<p>&nbsp;<\/p>\n<p>Anyag\u00f6sszet\u00e9tel: 100% poli\u00e9szter<\/p>\n<p><strong>Ha nincs k\u00e9szleten, de szeretne ehhez hasonl\u00f3 ruh\u00e1t m\u00e1s sz\u00ednben vagy m\u00e9retben, akkor keressen meg az el\u00e9rhet\u0151s\u00e9geimen. Sz\u00edvesen elk\u00e9sz\u00edtem k\u00e9r\u00e9s szerint.<\/strong><\/p>\n","protected":false},"excerpt":{"rendered":"<p>Lenge \u00e9s l\u00e1gy es\u00e9s\u0171 anyagb\u00f3l k\u00e9sz\u00fclt ez a ruha. 9-10 \u00e9ves m\u00e9retre lett szabva. Kinti \u00e9s benti fot\u00f3z\u00e1son is t\u00f6k\u00e9letes, de alkalmi viseletre is aj\u00e1nlom. A szoknya k\u00e9t r\u00e9teg\u0171 \u00e9s a fels\u0151 vir\u00e1gos anyag nagyon b\u0151 szab\u00e1s\u00fa. Mellb\u0151s\u00e9g : 74cm Der\u00e9k: 67cm Hossz: 119cm Derek\u00e1ra egy hossz\u00fa \u00e9s sz\u00e9les p\u00e1nt van k\u00f6tve masnira, de en\u00e9lk\u00fcl [&hellip;]<\/p>\n","protected":false},"featured_media":2239,"template":"","meta":{"_et_pb_use_builder":"","_et_pb_old_content":"","_et_gb_content_width":""},"product_cat":[29],"product_tag":[80,125,72,69,90],"_links":{"self":[{"href":"https:\/\/bonello.hu\/index.php?rest_route=\/wp\/v2\/product\/1453"}],"collection":[{"href":"https:\/\/bonello.hu\/index.php?rest_route=\/wp\/v2\/product"}],"about":[{"href":"https:\/\/bonello.hu\/index.php?rest_route=\/wp\/v2\/types\/product"}],"wp:featuredmedia":[{"embeddable":true,"href":"https:\/\/bonello.hu\/index.php?rest_route=\/wp\/v2\/media\/2239"}],"wp:attachment":[{"href":"https:\/\/bonello.hu\/index.php?rest_route=%2Fwp%2Fv2%2Fmedia&parent=1453"}],"wp:term":[{"taxonomy":"product_cat","embeddable":true,"href":"https:\/\/bonello.hu\/index.php?rest_route=%2Fwp%2Fv2%2Fproduct_cat&post=1453"},{"taxonomy":"product_tag","embeddable":true,"href":"https:\/\/bonello.hu\/index.php?rest_route=%2Fwp%2Fv2%2Fproduct_tag&post=1453"}],"curies":[{"name":"wp","href":"https:\/\/api.w.org\/{rel}","templated":true}]}}