{"id":754,"date":"2020-11-21T11:53:08","date_gmt":"2020-11-21T10:53:08","guid":{"rendered":"https:\/\/bonello.hu\/?post_type=product&#038;p=754"},"modified":"2021-10-21T19:14:30","modified_gmt":"2021-10-21T18:14:30","slug":"bordo-kockas-kertesznadrag-manosapkaval-kisfiu-ujszulott-fotozasra","status":"publish","type":"product","link":"https:\/\/bonello.hu\/?product=bordo-kockas-kertesznadrag-manosapkaval-kisfiu-ujszulott-fotozasra","title":{"rendered":"Bord\u00f3 kock\u00e1s kert\u00e9sznadr\u00e1g man\u00f3sapk\u00e1val kisfi\u00fa \u00fajsz\u00fcl\u00f6tt fot\u00f3z\u00e1sra"},"content":{"rendered":"<p>Anyag\u00e1ban mint\u00e1s kock\u00e1s kert\u00e9sznadr\u00e1g \u00fajsz\u00fcl\u00f6tt fot\u00f3z\u00e1sra. A kontrasztos hat\u00e1s kedv\u00e9\u00e9rt vil\u00e1gos barna p\u00e1ntja van \u00e9s folt a mellkason.<\/p>\n<p>Anyag\u00e1ban megegyez\u0151 man\u00f3sapka is k\u00e9sz\u00fclt hozz\u00e1.50-56 m\u00e9retre szabott.<\/p>\n<p>Pamut, de csak kicsit ny\u00falik. P\u00e1ntja \u00e1ll\u00edthat\u00f3 \u00e9s h\u00e1ta nyitott\u00a0 \u00e9s gumis a jobb illeszked\u00e9s miatt.<\/p>\n<p>Anyaga: 100% pamut<\/p>\n<p>&nbsp;<\/p>\n","protected":false},"excerpt":{"rendered":"<p>Anyag\u00e1ban mint\u00e1s kock\u00e1s kert\u00e9sznadr\u00e1g \u00fajsz\u00fcl\u00f6tt fot\u00f3z\u00e1sra. A kontrasztos hat\u00e1s kedv\u00e9\u00e9rt vil\u00e1gos barna p\u00e1ntja van \u00e9s folt a mellkason. Anyag\u00e1ban megegyez\u0151 man\u00f3sapka is k\u00e9sz\u00fclt hozz\u00e1.50-56 m\u00e9retre szabott. Pamut, de csak kicsit ny\u00falik. P\u00e1ntja \u00e1ll\u00edthat\u00f3 \u00e9s h\u00e1ta nyitott\u00a0 \u00e9s gumis a jobb illeszked\u00e9s miatt. Anyaga: 100% pamut &nbsp;<\/p>\n","protected":false},"featured_media":0,"template":"","meta":{"_et_pb_use_builder":"","_et_pb_old_content":"","_et_gb_content_width":""},"product_cat":[18,32],"product_tag":[72,102,78,59],"_links":{"self":[{"href":"https:\/\/bonello.hu\/index.php?rest_route=\/wp\/v2\/product\/754"}],"collection":[{"href":"https:\/\/bonello.hu\/index.php?rest_route=\/wp\/v2\/product"}],"about":[{"href":"https:\/\/bonello.hu\/index.php?rest_route=\/wp\/v2\/types\/product"}],"wp:attachment":[{"href":"https:\/\/bonello.hu\/index.php?rest_route=%2Fwp%2Fv2%2Fmedia&parent=754"}],"wp:term":[{"taxonomy":"product_cat","embeddable":true,"href":"https:\/\/bonello.hu\/index.php?rest_route=%2Fwp%2Fv2%2Fproduct_cat&post=754"},{"taxonomy":"product_tag","embeddable":true,"href":"https:\/\/bonello.hu\/index.php?rest_route=%2Fwp%2Fv2%2Fproduct_tag&post=754"}],"curies":[{"name":"wp","href":"https:\/\/api.w.org\/{rel}","templated":true}]}}