{"id":776,"date":"2020-11-22T21:25:47","date_gmt":"2020-11-22T20:25:47","guid":{"rendered":"https:\/\/bonello.hu\/?post_type=product&#038;p=776"},"modified":"2021-10-14T20:40:28","modified_gmt":"2021-10-14T19:40:28","slug":"feher-halos-body-kockas-fodorral-diszitve-ujszulott-fotozasra","status":"publish","type":"product","link":"https:\/\/bonello.hu\/?product=feher-halos-body-kockas-fodorral-diszitve-ujszulott-fotozasra","title":{"rendered":"Feh\u00e9r h\u00e1l\u00f3s body kock\u00e1s fodorral d\u00edsz\u00edtve \u00fajsz\u00fcl\u00f6tt fot\u00f3z\u00e1sra"},"content":{"rendered":"<p>Feh\u00e9r vastagabb pamut anyag\u00fa napoz\u00f3, ami h\u00e1l\u00f3s szerkezet\u0171, d\u00edsz\u00edt\u00e9sk\u00e9nt piros kock\u00e1s fodor van aszimmetrikusan felvarrva.<\/p>\n<p>H\u00e1ta nyitott \u00e9s piros kock\u00e1s fodorral szegett.<\/p>\n<p>Nyakbak\u00f6t\u0151s v\u00e1ltozatban k\u00e9sz\u00fclt el 50-56 m\u00e9retben<\/p>\n<p>Anyaga: 100% pamut<\/p>\n<p><strong>Ha nincs k\u00e9szleten, de szeretne ehhez hasonl\u00f3 ruh\u00e1t m\u00e1s sz\u00ednben vagy m\u00e9retben, akkor keressen meg az el\u00e9rhet\u0151s\u00e9geimen. Sz\u00edvesen elk\u00e9sz\u00edtem k\u00e9r\u00e9s szerint.<\/strong><\/p>\n","protected":false},"excerpt":{"rendered":"<p>Feh\u00e9r vastagabb pamut anyag\u00fa napoz\u00f3, ami h\u00e1l\u00f3s szerkezet\u0171, d\u00edsz\u00edt\u00e9sk\u00e9nt piros kock\u00e1s fodor van aszimmetrikusan felvarrva. H\u00e1ta nyitott \u00e9s piros kock\u00e1s fodorral szegett. Nyakbak\u00f6t\u0151s v\u00e1ltozatban k\u00e9sz\u00fclt el 50-56 m\u00e9retben Anyaga: 100% pamut Ha nincs k\u00e9szleten, de szeretne ehhez hasonl\u00f3 ruh\u00e1t m\u00e1s sz\u00ednben vagy m\u00e9retben, akkor keressen meg az el\u00e9rhet\u0151s\u00e9geimen. Sz\u00edvesen elk\u00e9sz\u00edtem k\u00e9r\u00e9s szerint.<\/p>\n","protected":false},"featured_media":0,"template":"","meta":{"_et_pb_use_builder":"","_et_pb_old_content":"","_et_gb_content_width":""},"product_cat":[18,31],"product_tag":[57,72,109,78],"_links":{"self":[{"href":"https:\/\/bonello.hu\/index.php?rest_route=\/wp\/v2\/product\/776"}],"collection":[{"href":"https:\/\/bonello.hu\/index.php?rest_route=\/wp\/v2\/product"}],"about":[{"href":"https:\/\/bonello.hu\/index.php?rest_route=\/wp\/v2\/types\/product"}],"wp:attachment":[{"href":"https:\/\/bonello.hu\/index.php?rest_route=%2Fwp%2Fv2%2Fmedia&parent=776"}],"wp:term":[{"taxonomy":"product_cat","embeddable":true,"href":"https:\/\/bonello.hu\/index.php?rest_route=%2Fwp%2Fv2%2Fproduct_cat&post=776"},{"taxonomy":"product_tag","embeddable":true,"href":"https:\/\/bonello.hu\/index.php?rest_route=%2Fwp%2Fv2%2Fproduct_tag&post=776"}],"curies":[{"name":"wp","href":"https:\/\/api.w.org\/{rel}","templated":true}]}}