{"id":891,"date":"2020-12-09T22:02:45","date_gmt":"2020-12-09T21:02:45","guid":{"rendered":"https:\/\/bonello.hu\/?post_type=product&#038;p=891"},"modified":"2023-01-10T20:41:32","modified_gmt":"2023-01-10T19:41:32","slug":"arany-szinu-alkalmi-kislany-ruha-7-8-eves-meretben","status":"publish","type":"product","link":"https:\/\/bonello.hu\/?product=arany-szinu-alkalmi-kislany-ruha-7-8-eves-meretben","title":{"rendered":"Arany sz\u00edn\u0171 alkalmi kisl\u00e1ny ruha 7-8 \u00e9ves m\u00e9retben"},"content":{"rendered":"<p>A ruha fels\u0151 r\u00e9sze arany sz\u00edn\u0171, f\u00e9nyben megcsillan\u00f3 v\u00e9kony sz\u00f6vetb\u0151l k\u00e9sz\u00fclt el. Der\u00e9kn\u00e1l szabott, az alja gy\u0171rt selyem A vonal\u00fa szab\u00e1ssal. Az als\u00f3szoknya t\u00fcllel k\u00e9sz\u00fclt, \u00edgy sz\u00e9p tart\u00e1st ad a szokny\u00e1nak.<\/p>\n<p>A fels\u0151 r\u00e9sz anyag\u00e1b\u00f3l varrva van hozz\u00e1 egy sz\u00e9lesebb der\u00e9kp\u00e1nt, amit h\u00e1tul masniv\u00e1 k\u00f6thet\u0151.<\/p>\n<p>Mellsz\u00e9less\u00e9g:69cm<\/p>\n<p>Der\u00e9k:68cm<\/p>\n<p>Hossz:78cm<\/p>\n<p>Anyaga: 100% poli\u00e9szter<\/p>\n<p><strong>Ha nincs k\u00e9szleten, de szeretne ehhez hasonl\u00f3 ruh\u00e1t m\u00e1s sz\u00ednben vagy m\u00e9retben, akkor keressen meg az el\u00e9rhet\u0151s\u00e9geimen. Sz\u00edvesen elk\u00e9sz\u00edtem k\u00e9r\u00e9s szerint.<\/strong><\/p>\n","protected":false},"excerpt":{"rendered":"<p>A ruha fels\u0151 r\u00e9sze arany sz\u00edn\u0171, f\u00e9nyben megcsillan\u00f3 v\u00e9kony sz\u00f6vetb\u0151l k\u00e9sz\u00fclt el. Der\u00e9kn\u00e1l szabott, az alja gy\u0171rt selyem A vonal\u00fa szab\u00e1ssal. Az als\u00f3szoknya t\u00fcllel k\u00e9sz\u00fclt, \u00edgy sz\u00e9p tart\u00e1st ad a szokny\u00e1nak. A fels\u0151 r\u00e9sz anyag\u00e1b\u00f3l varrva van hozz\u00e1 egy sz\u00e9lesebb der\u00e9kp\u00e1nt, amit h\u00e1tul masniv\u00e1 k\u00f6thet\u0151. Mellsz\u00e9less\u00e9g:69cm Der\u00e9k:68cm Hossz:78cm Anyaga: 100% poli\u00e9szter Ha nincs k\u00e9szleten, de [&hellip;]<\/p>\n","protected":false},"featured_media":2266,"template":"","meta":{"_et_pb_use_builder":"","_et_pb_old_content":"","_et_gb_content_width":""},"product_cat":[25,29],"product_tag":[68,110,69,90],"_links":{"self":[{"href":"https:\/\/bonello.hu\/index.php?rest_route=\/wp\/v2\/product\/891"}],"collection":[{"href":"https:\/\/bonello.hu\/index.php?rest_route=\/wp\/v2\/product"}],"about":[{"href":"https:\/\/bonello.hu\/index.php?rest_route=\/wp\/v2\/types\/product"}],"wp:featuredmedia":[{"embeddable":true,"href":"https:\/\/bonello.hu\/index.php?rest_route=\/wp\/v2\/media\/2266"}],"wp:attachment":[{"href":"https:\/\/bonello.hu\/index.php?rest_route=%2Fwp%2Fv2%2Fmedia&parent=891"}],"wp:term":[{"taxonomy":"product_cat","embeddable":true,"href":"https:\/\/bonello.hu\/index.php?rest_route=%2Fwp%2Fv2%2Fproduct_cat&post=891"},{"taxonomy":"product_tag","embeddable":true,"href":"https:\/\/bonello.hu\/index.php?rest_route=%2Fwp%2Fv2%2Fproduct_tag&post=891"}],"curies":[{"name":"wp","href":"https:\/\/api.w.org\/{rel}","templated":true}]}}